alse
Is ((-5)/(-2)*558/(-465))/((-3)/121463) prime?
False
Suppose 4*v + 0*v - 2*t = 806, -5*v + 1021 = 2*t. Suppose 543 = v*m - 202*m. Is m prime?
False
Let t = 423 - 415. Let r(x) = 281*x**2 + 12*x - 21. Is r(t) a composite number?
False
Suppose -3*m = 3*o + 15, m = -3*o + 6 - 11. Suppose -3*r = -b - o*r + 1219, -r = 0. Is b composite?
True
Suppose -3*q - 8 = 13. Is 6193 - 0 - (0/10)/q a prime number?
False
Let u(w) = w**2 - 4*w - 3. Let q be u(5). Is (19/57)/(q/18066) composite?
False
Let c be 9/6*184/12. Suppose -c*y + 18*y = -3865. Is (-2)/8 + (y/4 - -1) prime?
False
Is 18528/1 - 283/283 prime?
False
Suppose 4*t = -2*o + 61 - 197, o + 74 = -5*t. Is 783*59 + o + 60 prime?
False
Suppose 152 + 199 = -9*d. Let o = d - -42. Suppose 4*u = y - 4443, -o*y + 2*u - 4*u = -13399. Is y a prime number?
True
Let v = -21 + -53. Let x = -21 - v. Is x/((0 - 2)/(-4)) prime?
False
Suppose u - 3*y = 18904, -u + 8*y = 9*y - 18928. Is u composite?
True
Suppose 0 = 5343*k - 5340*k + 424201 - 5284252. Is k prime?
False
Suppose -5*r + 2*c = -90, -2*r = -5*r - c + 43. Suppose -5*h + 9 = -r. Suppose h*t + 489 = 8*t. Is t a composite number?
False
Suppose -81*g + 76*g + 459263 = -3*n, -g - 5*n = -91819. Is g a prime number?
False
Let a(c) = 41*c**2 - 10*c - 186. Let r be a(-43). Suppose -29*s + r = -3233. Is s a prime number?
False
Let l = 76114 + 12427. Is l composite?
True
Let r(q) = q**2 - 4*q - 5. Let v be r(6). Let s = 326 - -2853. Suppose s = 4*f + v*f. Is f a prime number?
False
Suppose -6*b + 9*b = -2646. Let d = 3223 - b. Is d composite?
True
Let v be (4/(-10))/(6/(-30)). Let h be ((1 - 1)*4/12)/v. Suppose 3*t + 1244 - 5927 = h. Is t a composite number?
True
Let b(i) = 136384*i + 127. Is b(1) prime?
True
Let f(h) be the second derivative of h**5/5 + 2*h**4/3 - h**3 - 7*h**2/2 - 64*h. Let s(v) = 4*v - 30. Let z be s(9). Is f(z) a prime number?
True
Suppose -3*g + 4*v - 47 = 0, 2*v - 32 = 3*g + v. Let t be -2 + g/(45/(-20)). Is (t - (-14)/(-4))/(6/(-892)) a composite number?
False
Let a(n) = n**2 - 6*n - 24. Let k be a(9). Let q be 6/4 - k/2. Suppose 4*c - 9*c + 8555 = q. Is c a composite number?
True
Is (-6 - (-25 - -11)) + -3 + 63818 prime?
True
Suppose -4*b + 5*z = -4440, -3*b = b - 4*z - 4444. Let o = -569 + 85. Let x = o + b. Is x a prime number?
True
Suppose 3*k - 35 - 304 = -3*z, 0 = k - z - 111. Suppose -2*x + k = 5*x. Suppose x = 4*p, -2*r + 2*p + 0*p + 746 = 0. Is r prime?
False
Suppose 92 = 4*q + 36. Is ((-12)/42 - (-4)/q) + 977 composite?
False
Suppose 18*h - 21*h - 22730 = -l, 113689 = 5*l - 2*h. Is l a composite number?
False
Let g(c) = -3*c**2 - 9*c - 2. Let i be g(-4). Let v be 37684/(-36) + i/63. Let f = 2852 - v. Is f composite?
True
Suppose -154*c + 57*c = -72*c - 90925. Is c prime?
True
Is 1/(-1) - (3 - 76475) a prime number?
True
Let k(g) = -34*g**2 - 31*g + 9. Let f be k(-10). Let q = 7466 + f. Is q composite?
True
Suppose 112678 = k + c, 4222*c = 4*k + 4219*c - 450649. Is k a composite number?
True
Suppose 0 = -1044*y + 1056*y + 228. Suppose 3*h + 606 = 2*c + c, 3*c + h - 614 = 0. Let a = c + y. Is a composite?
True
Suppose -123*u = -88*u - 1798265. Is u prime?
False
Let l be ((-6)/12)/(20/120). Let f(r) = 74*r. Let m be f(-4). Is 1/l + (4 - m/6) prime?
True
Suppose -5*v - 14424 = 3*q, -q + 2991 = -v + 111. Let m = 11101 + v. Is (1/(-2))/((-7)/m) a prime number?
True
Suppose -2 - 69 = -w. Suppose -b + 2*o = -2*o - 18, 0 = -4*o. Let l = w - b. Is l a composite number?
False
Let v be (-10 - (-30)/3)/4. Let x = -10 - -12. Suppose v = -4*g + r + 346, 6 = r + x*r. Is g composite?
True
Let k(p) = 2*p + 12. Let w be k(6). Suppose -22*o - 716 = -w*o. Let h = o + -192. Is h composite?
True
Let w = -37 + 17. Let s(t) = 3*t + 61. Let b be s(w). Is (213/2 - b)/((-44)/(-88)) prime?
True
Let f be -10 + (-240)/(-25) + 74/10. Let a = 2478 - f. Is a a prime number?
False
Let l(r) be the third derivative of -r**6/24 + 7*r**5/60 + 5*r**4/8 + 11*r**3/3 + r**2 - 3. Is l(-13) a composite number?
True
Let x = 11 + -8. Let n be x - (-4)/((-8)/178). Let w = -1 - n. Is w a composite number?
True
Suppose -67*y + 225293 = i - 66*y, -4*i = -6*y - 901172. Is i a composite number?
True
Suppose 0 = -157*v + 75*v - 54038. Let b(t) = 458*t**3 + t**2 + t + 2. Let y be b(2). Let h = v + y. Is h prime?
False
Let j(r) = 63614*r**2 + 36*r - 75. Is j(2) composite?
True
Suppose -19*b = -10*b - 18*b + 202302. Is b composite?
True
Let o = 2 + 0. Let t(u) = 256*u + 2. Let q be t(16). Suppose 4*g + 5*k = 2*g + 4126, 0 = o*g - 2*k - q. Is g composite?
False
Is (683365/15)/(((-60)/(-9))/2 + -3) prime?
False
Let u be (-63)/(-12) + 2/(-8). Suppose 4*q - 3*g - 2 = 3, 2*q = u*g - 15. Suppose 0 = -q*f + 2*m + 2241, -4*f + 1526 + 268 = -m. Is f a prime number?
True
Suppose -4*s - 5*q + 4214 = -0*s, 4216 = 4*s + 4*q. Suppose 1174 = -5*g - 1171. Let d = g + s. Is d a composite number?
False
Let t(u) = -2*u**3 - 94*u**2 - 13*u + 199. Is t(-48) a prime number?
True
Is 1*8/1 - (1809048/(-24) + 18) prime?
True
Let t be (1/(6/16))/(16/336). Let c be (-1 - (-3)/2)/(14/t). Is (c + -1)/((-1)/(-1459)) composite?
False
Suppose -3*c = -5*x - 61123 - 113815, 5*x = -c + 58346. Is c a composite number?
False
Let b(r) = -r**3 + 7*r**2 + 2*r + 11. Let t be b(7). Suppose -t*x = -36*x + 343409. Is x prime?
True
Suppose 12*f - 50150 = 129646. Is f composite?
False
Suppose 51 + 41 = 46*y. Suppose y*n - 35116 = -114*k + 110*k, -3*k + 26337 = -4*n. Is k composite?
False
Let h(d) = 6*d**3 - d**2 + 6*d - 5. Let u be h(1). Suppose -4*o = m - 235, -5*m = -2*o + u*o - 1207. Let z = m + -150. Is z prime?
False
Suppose 48*h = -4668581 + 24517493. Is h a prime number?
False
Is (-1)/(-1) - (-140)/(-15)*-12882 a prime number?
True
Let b be (-8)/44 - -2*(-3)/(-33). Suppose 2*k + 4*k - 4*k = b. Suppose c - 3*y = 1214 - 70, -4*c + y + 4587 = k. Is c a prime number?
False
Let c(t) = t**3 - 5*t**2 + 9*t - 6. Let u be c(3). Suppose -u*f - 2*f - 15036 = -2*k, 4*k = 4*f + 12036. Let l = f + 4283. Is l composite?
False
Suppose -10*n + 7*n = 147. Let q = n - -49. Let o(s) = 2*s**2 + 3011. Is o(q) composite?
False
Suppose 678 = -4*t + 814. Suppose 76656 = t*p - 39046. Is p a composite number?
True
Let b(h) = h**3 + 15*h**2 - 3*h - 28. Let p be b(-19). Is (0 + -1)*(p + 6) a prime number?
True
Is 34005 + (-5)/(55/(-154)) prime?
True
Let l(v) = -3572*v**3 + 38*v + 113. Is l(-3) a composite number?
False
Suppose -v - 5*q + 36 = 0, -3*q + 4*q + 3 = 0. Suppose -v*b = -46*b - 1655. Is b a prime number?
True
Suppose -4*r + 5*a = -24, -4*r - 4*a = -15 - 9. Suppose -r*u = -91734 + 5088. Is u prime?
False
Let l = 241 + -232. Suppose -18*s + 163287 = -l*s. Is s a composite number?
False
Suppose -5*i = -379 + 364. Suppose -b + 3*b = m + 40326, b = -i*m + 20149. Is b a composite number?
False
Suppose 490 = -7*p + 5397. Is p a prime number?
True
Is 90613983/513 + (-16)/36 a prime number?
False
Let t = -37 - -42. Suppose -25 = -4*x - t. Suppose 2*v = -x*i + 2725 + 6325, -2*v - i = -9066. Is v composite?
True
Suppose -2*p - 3*i + 47557 = 0, 26*p - 31*p + 2*i = -118864. Is p prime?
False
Let m = 33 - 25. Suppose 3*h + 4*t + 2 = -2, 0 = h + 3*t + m. Suppose 4*x + 0*r - 4758 = -2*r, 4*x - 4760 = -h*r. Is x prime?
False
Let v = -863528 + 1413057. Is v prime?
False
Let k(n) = -n**3 + 22*n**2 + 47*n + 29. Let o be k(24). Let x be 326/8 - (-4)/16. Let w = o + x. Is w a prime number?
False
Suppose -2*x - 916 = -9*o + 7*o, -o = -4*x - 1844. Is (x/168)/(1/(-116)) a composite number?
True
Suppose -4 - 25 = -y. Let t = 34 - y. Suppose -379 = 4*z - t*z. Is z a prime number?
True
Suppose 60*n = 7965407 + 39312663 - 2125130. Is n a composite number?
True
Let l(m) = m**2 + m + 109. Let x be l(0). Suppose -q = 2*r + 3*r + x, 4*q + 505 = 3*r. Let a = 675 + q. Is a a prime number?
False
Suppose -5*l + l = -24. Suppose -4*m + 6 = 3*u - l*u, 5*u - 10 = 0. Is m + 10/(-5) + 126 prime?
True
Let k(u) = -u**2 - 3*u + 2. Let d(h) = -h**3 + 12*h**2 + 15*h - 28. Let r be d(13). Let z be k(r). Suppose -z*c - 69 = -1553. Is c a prime number?
False
Suppose 160275 = 3*q - t, 5*q - 107304 = 2*t + 159823. Is q composite?
True
Let y(d) = -671*d - 264. Let k be y(-29). Let t = -9532 + k. Is t prime?
False
Let a = -67 + 66. Let c be (1 - (-1)/(-4))*(-25 - a). Is (-3562)/(-5) + (0 - 